Let b = 28472 + -14071. What is the tens digit of b?
0
Let q(c) = 2*c**3 - 16*c**2 + 24*c + 23. What is the thousands digit of q(11)?
1
Suppose 89 + 843 = 4*n. Let i(b) = b**3 - 64*b - 28. Let d be i(-8). Let v = d + n. What is the units digit of v?
5
Let y(k) = 67*k**2 - 144*k - 2814. What is the thousands digit of y(-17)?
8
Let c = 9 - 9. Suppose 2*v - 3 - 1 = c. Suppose -o + 31 = -0*x - 3*x, 0 = v*x. What is the units digit of o?
1
What is the hundreds digit of (-1316)/(-141)*72684/21?
3
Suppose 78084 = 4*s + m, -4*s + 78132 = 9*m - 14*m. What is the tens digit of s?
2
Let q(j) = -j**3 + 8*j**2 - 7*j + 6. Let x be q(7). Suppose -x*y - 658 = 8*y. Let c = y + 49. What is the units digit of c?
2
Let y = 355 + -739. Let p = 59 - y. What is the units digit of p?
3
Let r = -40 + 43. Suppose r*d - 72 = -d. Suppose -d = -l + 19. What is the tens digit of l?
3
Let o be ((-10710)/75)/((-3)/20) - -6. Let w = 2176 - o. What is the hundreds digit of w?
2
Let z(m) = 38*m + 768. Let g be z(-20). Let u(y) = 14*y + 41 + 17 - 14. What is the hundreds digit of u(g)?
1
Let m = -14 + 26. Let k(p) = -p**3 + 13*p**2 - 7*p - 23. Let h be k(m). Suppose -2*w + h = -71. What is the units digit of w?
4
Let u = -2406 - -3868. What is the hundreds digit of u?
4
Let h(k) = -14 + 12*k + 8 - 8 - 2. What is the tens digit of h(9)?
9
Let p = 9381 + -4117. What is the hundreds digit of p?
2
Let f = 1636 - 1623. Let m(w) be the second derivative of w**5/20 - 5*w**4/6 - 11*w**3/2 + 15*w**2 - 2*w. What is the hundreds digit of m(f)?
1
Let c = 2776 + -741. What is the units digit of c?
5
Suppose -4*s + 15 = 115. What is the hundreds digit of 1458*(3 + s/10) - 4?
7
Let l = -353 - -352. Let w(n) = 793*n**2 - 10*n - 9. What is the units digit of w(l)?
4
Let x(p) = -8*p**3 - p**2 + 5*p + 5. Let v be x(-1). Suppose -q - v*q = -10800. What is the units digit of q?
0
Suppose 4*v = 4*x + v - 24147, -3*x + 18105 = 3*v. What is the thousands digit of x?
6
Suppose 156216 = 70*w - 58754. What is the hundreds digit of w?
0
Suppose 2*n - 5938 = -0*l - 3*l, 2*n - 5918 = 2*l. What is the thousands digit of n?
2
Suppose -3*f = -5*f + 9926 + 21512. What is the ten thousands digit of f?
1
Let m(o) = -51*o**2 + o. Let f be m(-1). Let q = f + 39. Let g = q - -67. What is the tens digit of g?
5
Suppose -281*j + 212507 + 8082051 = 0. What is the tens digit of j?
1
Let b(r) = -r**2 + 7*r + 5. Let m be b(7). Let c = -1370 - -2022. Suppose 4*f - c = -2*t, t = m*f - 1147 + 346. What is the units digit of f?
1
Let f be (-2)/(-4)*0/(-15). Suppose -4*d + 3634 = 2*q, f*d + 2*q = 2*d - 1802. Suppose 5*c - 3*z - d = 0, -4*c + 892 = c + 4*z. What is the units digit of c?
0
Let h = -7177 - -7058. Suppose 5*u - 1320 = -0*u. Let y = h + u. What is the tens digit of y?
4
Suppose 8*h = 6*h + 94. Suppose 3*c + 0 = 3. Let w = h - c. What is the units digit of w?
6
Let c(h) = 1460*h + 140. Let j be c(7). What is the units digit of j/110 - (-6)/(-33)?
4
Let p(q) = 2*q**2 + 4*q - 14. Let s be p(3). Let i(v) = v**3 + 10*v**2 + 10*v + 12. Let f be i(-9). Suppose -f*t + t = -s. What is the units digit of t?
8
Suppose -22828 = -24*l - 1612. Suppose -c + 83 = -w + l, 2*w = 3*c + 1597. What is the units digit of w?
6
Suppose 0 = 12*v - 10*v + 10, 0 = -5*w + v - 420. What is the thousands digit of 247096/136 - 10/w?
1
Suppose 724 = -257*f + 258*f. What is the tens digit of (-1)/(1*(-4)/f)?
8
Let s be 2/3 + 1185/(-9) + 9. Let a = s + 351. What is the units digit of a?
9
Suppose 0 = 7*r - 10*r - 3*n + 23604, -5*r + 39276 = -3*n. What is the hundreds digit of r?
8
What is the thousands digit of ((-21)/14 - (320697/(-18) + -1)) + -3?
7
Let c(i) = 45*i + 75*i - 9 + 21*i. What is the units digit of c(6)?
7
Suppose -4*l + 12 = c, 0*c = 2*l - c. Let w be (2 - -4) + (-648)/3. What is the tens digit of (8/(-12))/(l/w)?
7
Let p(j) = j**3 + 4*j**2 - 16*j - 13. Let n be p(-11). What is the tens digit of (-2 + 1)/(2/n)?
4
Suppose 5 = -5*j + 15. Suppose 2*v + 0*l + 508 = j*l, -4*v - l = 1041. Let m = -91 - v. What is the hundreds digit of m?
1
Let x(l) = 4*l**3 - 231*l**2 + 44*l + 219. What is the tens digit of x(58)?
3
Let d(w) be the second derivative of 13*w**3/2 - 44*w**2 - 14*w. What is the units digit of d(12)?
0
Let z = -402 + 402. Suppose 5*f + 5*m - 6955 = z, 5*f - 3*m = -4*m + 6951. What is the thousands digit of f?
1
Let w = 48 - 72. Let u be ((-380)/w)/5 + 2/(-12). Suppose 392 = u*j - 5*f, 4*j + 4*f - 184 - 360 = 0. What is the tens digit of j?
3
Let i(h) be the third derivative of h**6/120 + 3*h**5/20 + 5*h**4/24 + 3*h**3/2 - 20*h**2. Let s be i(-8). Let v = s + -19. What is the units digit of v?
4
Let f = -4466 - -17353. What is the thousands digit of f?
2
Suppose 2*o = -4*j + 8, -5*j + 5*o = -0*o - 25. Suppose -6 = -j*w, 3*h + 4*w - 26 = -0*h. Suppose 10*g - 436 = h*g. What is the units digit of g?
9
Suppose 2*r - 5*x = 56, -2*x = -5*r + 24 + 74. What is the hundreds digit of ((-215)/(-15))/(2/r)?
1
Let y be 2*2/24 - 4815/(-270). Let w(l) = l**3 - 18*l**2 + 11*l + 43. What is the tens digit of w(y)?
4
Suppose 79*g - 74*g = 4895. What is the tens digit of g?
7
Let p(h) = -13*h + 6. Let o be p(-1). Suppose -o*c + 3492 = -10*c. What is the tens digit of c?
8
Let s be -5 + 5 - (0 + 66). Let r = 8 - s. What is the hundreds digit of r/(-2 - (-15)/6)?
1
Let n(b) = -2*b**2 - 21*b - 22. Let l be n(-9). Suppose -l*p - 10 = 0, -z - z - 132 = 3*p. What is the tens digit of (z/12)/(-7) + 138/8?
1
Suppose 4*j - l = 18343, 5*j + 2*l - 9196 - 13723 = 0. What is the tens digit of j?
8
Let z be (-177)/(-15) + (-3)/(-15). Let n = z + -7. What is the tens digit of 1108/n - (13/5 + -3)?
2
Suppose -11*g + 61544 = -55903. What is the thousands digit of g?
0
Let o = -95 - -44. Let t = o + 53. Suppose 0 = 4*z - 70 + t. What is the tens digit of z?
1
Suppose 511901 + 1097971 = 66*y. What is the units digit of y?
2
Let o = -31253 - -40490. What is the hundreds digit of o?
2
Let w(k) = -k - 1. Let o be w(-1). Suppose d + o*x + 5*x = 0, -d = x - 20. Suppose -2*y + 585 + d = 4*h, -135 = -h - 4*y. What is the hundreds digit of h?
1
Let w(s) = -13*s - 76. Let v be w(-6). Suppose -4*d = -5*a + 12, -2*a + v + 6 = 0. Suppose d*z + 20 - 152 = 0. What is the units digit of z?
6
Let x(i) = -385*i + 2084. What is the hundreds digit of x(-40)?
4
Suppose -23*p + 18*p + f + 146283 = 0, 4*f = -12. What is the tens digit of p?
5
Let h(u) = -39*u - 168. Let z(w) = 8*w + 34. Let f(y) = 2*h(y) + 11*z(y). What is the units digit of f(27)?
8
Suppose 2*z - 1515 = -3*z. Let c = -37 - -37. Suppose -y - 2*y + z = c. What is the hundreds digit of y?
1
Let o(l) = l - 19. Let u be o(13). Let s be (-16)/12 + 4/u + 49. Let x = -41 + s. What is the units digit of x?
6
Suppose 1524104 = -108*q + 146*q. What is the tens digit of q?
0
Let a(i) = -i**3 - 40*i**2 - 48*i - 416. What is the thousands digit of a(-40)?
1
What is the thousands digit of 559*(4/(-3))/(-10 - (-172)/18)?
1
Let q = -1907 + 535. Let a = -487 - q. What is the units digit of a?
5
Let l(f) = f**2 + 11*f + 34. Let s be l(-8). Let y = 50 - s. Suppose -y - 88 = -v. What is the units digit of v?
8
Suppose 97 = 3*n + 4*q, -18*n = -13*n - 5*q - 150. Let l = 541 + n. What is the tens digit of l?
7
Let l be 2*(1 + -1 + 518). Let w be (-8)/76 - (-24)/950 - (-981)/75. Suppose 27*t - w*t = l. What is the tens digit of t?
7
Suppose -h + 44 = -4*q - 33, -5*h - 65 = 5*q. Let c(s) be the third derivative of -s**4/6 + 3*s**3/2 - 206*s**2. What is the units digit of c(q)?
1
Suppose 8806 = 7*s - 3*z - 9745, -4*z = 2*s - 5310. What is the thousands digit of s?
2
Let r be ((-492)/(-9))/(-2 + (-344)/(-174)). What is the units digit of (-100)/125 + r/(-10) + -3?
4
Let p(n) = 5*n + 84*n**3 - 289*n**3 + 1 - 360*n**3 + 3 + n**2. What is the tens digit of p(-1)?
6
Suppose -3*v + 67 = 5*n + 18, 2*v - 14 = -n. Suppose 4*f + n = 0, -2*f + 0*f = -d + 146. Suppose k + d = 4*r, -3*k = 4 + 2. What is the units digit of r?
5
Let j be 30182*(-6)/(-24) - (-7)/14. Suppose -5*y - 3*t = -j, 3*y + 2*t - 2942 = 1585. What is the thousands digit of y?
1
Let f(g) be the second derivative of 25*g**3/6 + 3*g**2/2 + 66*g. What is the units digit of f(1)?
8
Let w = -110 - -146. Suppose -30*m = -w*m + 732. What is the units digit of m?
2
Let l = -10780 + 20114. Wha